inder when 198 is divided by n?
9
Suppose 0 = 39*w - 35*w + 2*d - 138, -4*w + 2*d = -110. Calculate the remainder when 9421 is divided by w.
28
Suppose 10*i + 17*i - 1305 = 12*i. Calculate the remainder when i is divided by 18.
15
Let m(t) = -t**2 + 24*t + 427. What is the remainder when 636 is divided by m(28)?
6
Suppose 50*i - 14908 - 8292 = 0. What is the remainder when i is divided by 145?
29
Suppose 4*x + 1154 = 3*t, 1222*t - 1218*t - 1537 = 5*x. What is the remainder when t is divided by 11?
4
Calculate the remainder when 165 is divided by (-60 + (5 - 2))*(-248)/93.
13
Suppose 0 = -3*k - 9, -9 = -2*r - 3*k + 2. Suppose -r*l + 48 = -2*l. Suppose 0 = 4*q - 12, 2*q + 7 = 4*w + 1. Calculate the remainder when l is divided by w.
0
Let l(k) = 3*k**2 - 11*k - 295. Calculate the remainder when 1185 is divided by l(12).
0
Let o = 14 - -4. Let y be ((-22)/4)/(8/(-16)). What is the remainder when o is divided by 4*(363/12)/y?
7
Let o = 4097 + -3999. What is the remainder when 248 is divided by o?
52
Suppose 3024 = 178*x - 66*x. Let u = -37 + 90. What is the remainder when u is divided by x?
26
Let a = 2339 + -2005. Calculate the remainder when a is divided by 319.
15
Suppose -7 = l - 1. Let p = 16 + l. What is the remainder when 37 is divided by p?
7
Let j(v) = 98 + 13*v - 46 - 2*v**3 - 37. Calculate the remainder when j(-6) is divided by 31.
28
Let y = 1692 + -1607. Calculate the remainder when y is divided by 28.
1
Let t = 3 - -2. Let r(k) be the first derivative of -k**4/4 + 5*k**3/3 + 4*k**2 - 3*k - 1442. What is the remainder when r(t) is divided by 13?
11
Let t(x) = x**3 - 36*x**2 - 37*x + 5. Let q be t(37). Suppose 4*m + 4*l - 308 = 0, 0 = q*l - 2*l - 12. What is the remainder when m is divided by 13?
8
Let a(l) = -l**2 + 10*l - 6. Suppose x - 39 = 15. What is the remainder when x is divided by a(5)?
16
Suppose 3*v - 1166 = -3*z + 919, -2*z + 1365 = -3*v. Calculate the remainder when z is divided by 188.
126
Let x(n) = 175*n - 1038. Calculate the remainder when 1144 is divided by x(6).
4
Suppose 61*c = 42 + 202. Calculate the remainder when 229 is divided by c.
1
Let t be 5/7 + (-8)/(-28). Let g be (-1 + t)/(3 + -1). Suppose -323 = -3*i + 5*l, 0 = -g*i + 4*i - 2*l - 412. What is the remainder when i is divided by 34?
33
Let y(b) = 21*b**2 + 859*b + 82. What is the remainder when 623 is divided by y(-41)?
131
Suppose 0 = -5*p - 4*x - 0*x + 645, -5*x = -2*p + 225. Suppose -i - p = -131. Calculate the remainder when (-110)/(-5) - (i/(-3) - 0) is divided by 7.
3
Let q = -1201 - -1531. Calculate the remainder when q is divided by 49.
36
Suppose 181*x + 425*x = 205434. What is the remainder when 685 is divided by x?
7
Let l be 165 + 6*2/12. Suppose 0 = 5*x + p - l - 199, -x + 3*p + 73 = 0. Calculate the remainder when 509 is divided by x.
71
What is the remainder when (-868)/4*-2 + 2 + 18/(-3) is divided by 36?
34
Let a = -796 + 800. Let p = 57 + -39. Calculate the remainder when p is divided by a.
2
Let x be (2/3)/((-4)/6). Let j(a) = -14*a**3 + 2*a**2 - 1. Let d be j(x). Suppose -d*b + 93 = -12*b. Calculate the remainder when 91 is divided by b.
29
Let b be ((-72)/7)/((-8)/364). Suppose -433 + b = q. Suppose -y + 5*y = 832. Calculate the remainder when y is divided by q.
33
Suppose 8*a - 64 = 4*a. Suppose -37*w + 3230 + 9245 = 672. What is the remainder when w is divided by a?
15
Let n = 111 - 76. Let p(q) = -q - 6. Let f(s) = 2*s + 17. Let l(x) = 4*f(x) + 14*p(x). What is the remainder when n is divided by l(-6)?
15
Suppose 58 = 2*s + 5*h, 0 = -3*s - 6*h - 49 + 130. What is the remainder when 24070 is divided by s?
16
Let c = 1325 - 77. Suppose 3*d + c = 27*d. What is the remainder when d is divided by 19?
14
Suppose -30*b = 4*w - 27*b - 1458, 4*w - b - 1466 = 0. What is the remainder when w is divided by ((-4)/6)/((-6)/369)?
38
Let o be 735/5*(-4)/(-3). Let h = o + -102. Let y = -435 - -460. Calculate the remainder when h is divided by y.
19
Suppose 138444 = 229*o - 146*o. What is the remainder when o is divided by 8?
4
Let d(y) = 3*y**3 - 19*y**2 + 2*y - 10. Let a be d(7). Suppose 0 = 84*t - a*t + 17604. What is the remainder when t is divided by 35?
33
Calculate the remainder when 11161*-2*(-4)/8 + -8 + 0 is divided by 338.
337
Suppose 0 = -158*r + 332 + 2354. Let g = -188 + 489. What is the remainder when g is divided by r?
12
Suppose 422 = 36*a - 35*a. Suppose 2*c = 4*b - 410, b + 3*b + 2*c = a. Let p(i) = 23*i**3 - 2*i**2 - 4*i + 5. What is the remainder when b is divided by p(1)?
16
Let j(l) = -l**3 - 6*l**2 + 4*l + 6. Suppose 9*q = -q - 70. Calculate the remainder when 38 is divided by j(q).
11
Suppose 484 + 8096 = 715*t. Suppose 4*a - 1221 = 2*m - 5*m, 628 = 2*a - 2*m. What is the remainder when a is divided by t?
9
Suppose -3*m + 60 = 2*m. Let v(k) = 152*k**3 - 77*k**3 - 74*k**3 + 10*k - k**2 + 27. What is the remainder when v(0) is divided by m?
3
What is the remainder when 426 is divided by 26 - 4 - (12 + 1)?
3
Let s = 2227 - 1087. What is the remainder when s is divided by 4?
0
Let n be 2192/52 - 4/26. Suppose -14 = -u + t, -3*u + t = -3*t - n. Suppose u*d - 676 = 430. Calculate the remainder when d is divided by 20.
19
Let s(y) = 53*y**2 + 4*y**3 - 5 - 5*y**3 + 9 + y - 29 + 1. Calculate the remainder when 51 is divided by s(53).
22
Calculate the remainder when 310 is divided by 21*(5 - 305/(-35))*1/2.
22
Suppose -4*x - 254 = -y - 76, 0 = 3*y - x - 501. What is the remainder when 1924 is divided by y?
98
What is the remainder when 4/(-10) - 6646783/(-3445) is divided by 961?
7
Let m = -4837 + 5054. What is the remainder when m is divided by 39?
22
Let l be (1/(-5)*4)/(4/490). Let m = 326 + -95. Let o = m + l. What is the remainder when o is divided by 34?
31
Let y(w) = -w**2 - 12*w - 13. Let m = 53 - 42. Suppose 3*q + 3*d = d - 32, -q - d = m. What is the remainder when 25 is divided by y(q)?
4
Let n(s) = -5*s**3 - 53*s**2 - 117*s - 8. What is the remainder when n(-14) is divided by 1237?
14
Let u = -770 + 774. Let o(m) = 25*m - 68. Calculate the remainder when 70 is divided by o(u).
6
Let q be 124/28 - (96/(-21) + 5). Suppose -7*p + q*p = f - 121, 3*f = -3*p + 123. Calculate the remainder when p is divided by 26.
14
Suppose 5*r + 40 - 190 = 0. Suppose -8*t + 2*t = -r. Suppose t*j + 3*f - 315 = 0, 3*j + 189 = 6*j - 3*f. What is the remainder when j is divided by 22?
19
Let k(w) = -w**3 + 39*w**2 - 168*w - 3. Suppose 2*f + l = 5*l + 18, -l = 2. What is the remainder when k(5) is divided by f?
2
Let t be (-65)/(-10)*-1*8. Let v = 94 + t. What is the remainder when v is divided by 3?
0
Let v = 1520 + -1382. Calculate the remainder when v is divided by 38.
24
What is the remainder when 10 is divided by 324/24*(-8)/(-12)?
1
Let w(c) = -c**2 - 48*c. Let t be w(-48). Suppose 4*b + 4*h - 120 = t, -h + 21 = -b + 61. What is the remainder when b is divided by 12?
11
Let f(t) = -t**2 - 11*t + 394. Calculate the remainder when 196 is divided by f(-26).
0
Let v(d) = -d**3 + 5*d**2 + 8. Let j be v(6). Let s(f) = -f**2 - 9*f - 58. Let w be s(-6). Let o = j - w. Calculate the remainder when 35 is divided by o.
11
Let q(x) = x**3 - 10*x**2 + 10*x - 8. Suppose -8 = -7*d + 517. Let y = 77 - d. Calculate the remainder when y is divided by q(9).
0
What is the remainder when (-3)/2*(-61612)/438 is divided by 12?
7
Let q be (-32)/(-80) + (-8)/20. Suppose -161*f + 156*f + 5 = q. Suppose -s + z + 5 = -1, 3*z = 5*s - 22. What is the remainder when s is divided by f?
0
Let d(s) = -5*s + 71. Let k be d(14). What is the remainder when 110 is divided by (-5 + 9 + 0)/(k/8)?
14
Suppose 48*z = 46*z + 16. Calculate the remainder when z is divided by (-3)/4*-2*(-6 - -8).
2
Let h be (-16)/12*(-6)/4. Let g be ((-33)/(-2))/(1/h). What is the remainder when 66 is divided by 756/44 + (-6)/g?
15
Let i = -3 + 6. Let v(a) = -a + 21. Let z(t) = -2*t**2 - 103*t - 43. Let j be z(-51). What is the remainder when v(j) is divided by i?
1
Suppose 2100 - 1199 = 35*j - 3089. What is the remainder when 314 is divided by j?
86
Suppose g = -v + 5, 5*v - 2*g = -9 + 34. Suppose -v*i + 2*h + 225 = 85, h + 5 = 0. Let m = 37 + -33. What is the remainder when i is divided by m?
2
Suppose -8*y + 18 = -6. Suppose -2 = -d, -18 = 2*m + d - 5*d. Calculate the remainder when y/18 + m/6*-43 is